{"id":33,"date":"2019-01-05T01:22:44","date_gmt":"2019-01-05T04:22:44","guid":{"rendered":"http:\/\/oasisfm935.com\/site\/?page_id=33"},"modified":"2019-01-05T01:22:44","modified_gmt":"2019-01-05T04:22:44","slug":"nosotros","status":"publish","type":"page","link":"https:\/\/oasisfm935.com.ar\/site\/nosotros\/","title":{"rendered":"Nosotros"},"content":{"rendered":"\n<p>Esta FM inici\u00f3 sus actividades el 1 de Octubre del a\u00f1o 2005, transmitiendo\nen la frecuencia 93.5 MHz. Su nombre hace referencia \u00abun lugar placentero\nen medio de la nada\u00bb, por tal motivo sus propietarios se propusieron que\nel 93.5 sea un Oasis en el dial.<\/p>\n\n\n\n<p>La radio cuenta con su habilitaci\u00f3n legal ante el COMFER (Comit\u00e9\nFederal de Radiodifusi\u00f3n), en tr\u00e1mite. Las revisaciones t\u00e9cnicas de los equipos\nse realizan por personal especializado del COPITEC (Consejo Profesional de Ingenier\u00eda\nde Telecomunicaciones, Electr\u00f3nica y Computaci\u00f3n) y se encuentran habilitados\npor la CNC (Comisi\u00f3n Nacional de Comunicaciones), ya que los equipos son M31,\nde \u00faltima generaci\u00f3n, legalmente homologado por la mencionada comisi\u00f3n.<\/p>\n\n\n\n<p>Se cuenta con 300 Wat de potencia, una torre de 35 metros de alto, con una cobertura de 80 Km. a la redonda, con sonido est\u00e9reo digital. EI objetivo en el cual se est\u00e1 trabajando es innivar d\u00eda a d\u00eda para brindarle al pueblo de Ingeniero Luiggi y alrededores lo mejor. Actualmente se hace una coproducci\u00f3n con FM Cristal Caleufu y La Maruja, en forma continua tambi\u00e9n trabajan period\u00edsticamente con FM de Embajador Mart\u00edni, Alta Italia, Eduardo Castex, Realic\u00f3 y de Santa Rosa.<\/p>\n\n\n\n<p>En esta oportunidad los integrantes quieren agradecer a toda la\ncomunidad de Ingeniero Luiggi, por \u00abpermitimos ser una de las radios m\u00e1s\nescuchadas\u00bb, tambi\u00e9n\u00bb saludamos a amigos y clientes que siguen\nconfiando en FM OASIS\u00bb.<\/p>\n","protected":false},"excerpt":{"rendered":"<p>Esta FM inici\u00f3 sus actividades el 1 de Octubre del a\u00f1o 2005, transmitiendo en la frecuencia 93.5 MHz. Su nombre hace referencia<\/p>\n","protected":false},"author":2,"featured_media":0,"parent":0,"menu_order":0,"comment_status":"closed","ping_status":"closed","template":"","meta":{"colormag_page_layout":"default_layout","footnotes":""},"class_list":["post-33","page","type-page","status-publish","hentry"],"_links":{"self":[{"href":"https:\/\/oasisfm935.com.ar\/site\/wp-json\/wp\/v2\/pages\/33","targetHints":{"allow":["GET"]}}],"collection":[{"href":"https:\/\/oasisfm935.com.ar\/site\/wp-json\/wp\/v2\/pages"}],"about":[{"href":"https:\/\/oasisfm935.com.ar\/site\/wp-json\/wp\/v2\/types\/page"}],"author":[{"embeddable":true,"href":"https:\/\/oasisfm935.com.ar\/site\/wp-json\/wp\/v2\/users\/2"}],"replies":[{"embeddable":true,"href":"https:\/\/oasisfm935.com.ar\/site\/wp-json\/wp\/v2\/comments?post=33"}],"version-history":[{"count":1,"href":"https:\/\/oasisfm935.com.ar\/site\/wp-json\/wp\/v2\/pages\/33\/revisions"}],"predecessor-version":[{"id":34,"href":"https:\/\/oasisfm935.com.ar\/site\/wp-json\/wp\/v2\/pages\/33\/revisions\/34"}],"wp:attachment":[{"href":"https:\/\/oasisfm935.com.ar\/site\/wp-json\/wp\/v2\/media?parent=33"}],"curies":[{"name":"wp","href":"https:\/\/api.w.org\/{rel}","templated":true}]}}

<p>Esta FM inició sus actividades el 1 de Octubre del año 2005, transmitiendo
en la frecuencia 93.5 MHz. Su nombre hace referencia «un lugar placentero
en medio de la nada», por tal motivo sus propietarios se propusieron que
el 93.5 sea un Oasis en el dial.</p>



<p>La radio cuenta con su habilitación legal ante el COMFER (Comité
Federal de Radiodifusión), en trámite. Las revisaciones técnicas de los equipos
se realizan por personal especializado del COPITEC (Consejo Profesional de Ingeniería
de Telecomunicaciones, Electrónica y Computación) y se encuentran habilitados
por la CNC (Comisión Nacional de Comunicaciones), ya que los equipos son M31,
de última generación, legalmente homologado por la mencionada comisión.</p>



<p>Se cuenta con 300 Wat de potencia, una torre de 35 metros de alto, con una cobertura de 80 Km. a la redonda, con sonido estéreo digital. EI objetivo en el cual se está trabajando es innivar día a día para brindarle al pueblo de Ingeniero Luiggi y alrededores lo mejor. Actualmente se hace una coproducción con FM Cristal Caleufu y La Maruja, en forma continua también trabajan periodísticamente con FM de Embajador Martíni, Alta Italia, Eduardo Castex, Realicó y de Santa Rosa.</p>



<p>En esta oportunidad los integrantes quieren agradecer a toda la
comunidad de Ingeniero Luiggi, por «permitimos ser una de las radios más
escuchadas», también» saludamos a amigos y clientes que siguen
confiando en FM OASIS».</p>

<p>Esta FM inició sus actividades el 1 de Octubre del año 2005, transmitiendo en la frecuencia 93.5 MHz. Su nombre hace referencia</p>
